 0)?
1
What is 2 + (-5 - (-1 - 5))?
3
What is 0 + -1 + 1 + 0 + -3?
-3
What is -5 + (0 + 2 - (-2 + 2))?
-3
What is 0 + (0 - (0 + 8 - 4))?
-4
Evaluate 1 + -9 + -15 + 19.
-4
(4 - 5) + -3 + 2
-2
Evaluate -7 + 4 - ((4 - 4) + 2).
-5
What is the value of 12 - 16 - (0 + -2 + 0)?
-2
What is 0 - (-6 + 4 + -1)?
3
Evaluate (10 - 9) + 6 + -15 + 1.
-7
1 - (2 - (0 - 5))
-6
Calculate (2 + -1 + 2 - 3) + 3.
3
Evaluate 0 + (-2 - -1 - 4) + 3.
-2
What is -1 + 0 - (1 - 2)?
0
Calculate 46 + -37 + (1 - 14).
-4
What is the value of 21 + -18 + (1 + -2 - -5)?
7
Calculate -1 + (2 + (-6 - -8) - 0).
3
What is the value of -6 - 2 - (-11 - -8)?
-5
11 + -12 + 0 - -2
1
(-12 - -8) + 2 + (5 - 1)
2
What is the value of 5 - ((-2 - -6) + (-1 - 1))?
3
Evaluate -4 + 1 - (3 + 5 - 8).
-3
What is (11 - 9) + -1 + 1?
2
What is -2 - (-5 + 9) - 3?
-9
Calculate -1 - 2 - (-3 - -1).
-1
What is 0 + (7 - -6) + -7?
6
-5 + 1 - -1 - -2
-1
What is the value of -9 + -1 + -39 + 45?
-4
What is (-1 - (4 - 1)) + 3 - 0?
-1
Evaluate 3 - (-3 + -2 + 4).
4
3 + 0 + (-11 - -6) + 9
7
Calculate 2 + -5 + 1 + -2 + 0.
-4
Evaluate (2 + (2 - -1) - 2) + -3.
0
Evaluate -3 - (3 + 0 + 2 - 4).
-4
Evaluate 3 + -3 + 11 - 19.
-8
What is 15 - 11 - (0 - 1)?
5
Evaluate 2 - (-5 + (-5 - -8)) - 10.
-6
Calculate -1 + -3 + -4 + 2.
-6
What is (3 - 0) + 0 - (14 - 1)?
-10
Evaluate 0 + (7 - 5) + -1 + -9.
-8
What is the value of -1 + (7 + 1 - 2 - 14)?
-9
Evaluate -1 + -8 - (82 + -90).
-1
Evaluate 12 + 5 + -13 + -2.
2
What is the value of 9 + (-6 - 9) + -4?
-10
What is 9 - 3 - 14 - -14?
6
What is the value of -1 - (9 + 5 + -18)?
3
What is -8 - (10 - 20) - 10?
-8
What is the value of -5 - (-3 - (5 + -5 + 2))?
0
What is -1 + (-2 - 0) + 6?
3
What is (-15 - (-1 + -6)) + 4?
-4
What is (-7 - -10) + (-1 - -3)?
5
Evaluate -15 + (3 - -6) + -1 + 3.
-4
(3 - (-3 + 5) - -1) + 2
4
What is (1 - 2 - -4) + -3?
0
What is the value of -1 + -3 + -1 + 8?
3
What is the value of 0 + (2 - 2 - -6 - 2)?
4
What is -3 - (6 - 4) - -1?
-4
What is 9 - (-3 - (-10 - -2))?
4
Evaluate (-3 - (-1 + -4)) + -1.
1
Calculate 1 + 2 + (-7 - -10) + 1.
7
(3 - (-9 + 3 + 2)) + -5
2
Calculate -4 + (8 + -2 - 2).
0
What is the value of -1 - (5 + (2 - 12))?
4
(-56 - -43) + 13 + -1
-1
What is the value of 1 - 4 - (0 + -1)?
-2
-1 - -6 - ((6 - 1) + -4)
4
What is the value of -1 + -2 + 6 + 10 + -11?
2
Calculate (1 - -4) + (17 - 21) + 1.
2
(10 - 16) + (-2 - -5) - 6
-9
What is the value of (1 + 5 - 2) + -1?
3
What is -4 + (9 + 2 - 9)?
-2
What is -2 + 4 + -15 + 10 + 4?
1
(-10 + 6 - -6) + -12 + 6
-4
What is -1 + (13 + -18 - (6 + -4))?
-8
9 + (-12 - 1) - -4
0
What is the value of 3 + 0 - (-1 - -1 - -3)?
0
What is the value of 3 + -1 + 3 - (-17 - -22)?
0
What is the value of -5 + 12 + (-21 - -7)?
-7
Calculate -4 + -7 + (13 - 0).
2
Calculate (0 - 5) + (-1 + 11 - 8).
-3
What is 1 + -7 - (5 + -6 + -3)?
-2
Evaluate 2 - (1 - 2 - (-4 + 1)).
0
What is the value of -16 - -10 - (-3 - -1)?
-4
(3 + 9 - 5) + 1 + -6
2
Calculate -6 - (-8 + (8 - 5)).
-1
What is 7 + 1 - (-3 + 6) - 9?
-4
(-4 - 0) + (-4 - -5) + 5
2
What is the value of -4 - (-4 - -3) - -2?
-1
What is 7 - (4 + 0 + 4)?
-1
-7 - (-4 - (-1 + 2))
-2
What is the value of -2 - (7 + -5) - (-5 - -5)?
-4
Calculate 0 + -4 - 6 - -6.
-4
-2 - (-2 + 9 + -7)
-2
Calculate 8 + 5 + -10 - -1.
4
Calculate -2 + (-3 + 2 - (-5 + 2)).
0
Evaluate (1 + 5 - 3) + -3.
0
What is the value of -9 + (-6 - (-2 + (-8 - -6)))?
-11
What is the value of (3 - 5) + -4 - 1 - -7?
0
-7 - ((2 - -6) + -14)
-1
-11 - (-5 - -3 - 4)
-5
What is the value of 9 + -7 + (-10 - -1)?
-7
What is the value of (0 - 2) + (2 - 0)?
0
Evaluate -6 + (6 - 3) + 1.
-2
Evaluate 13 + -20 + (-9 - -11).
-5
2 - (8 + 0 - 4)
-2
What is (-9 - 2) + 7 - (4 + -17)?
9
(2 - (3 - 2)) + 4
5
0 - (4 - 0 - 1)
-3
What is (-2 + (4 - -2) - 3) + 3?
4
(6 - (5 - 5)) + -2
4
-4 - ((-7 - -17) + -8)
-6
Evaluate 5 - (3 + (7 - 7)).
2
What is the value of -6 + (7 - (2 + (-4 - -6)))?
-3
(0 - -4) + 15 + -23
-4
(2 - -10) + (-8 - (2 - 6))
8
Calculate 0 + -7 + 4 + -3 + 11.
5
What is 10 + -10 - (-4 + 5 + -6)?
5
Evaluate (0 - 11) + 10 - -3.
2
What is the value of -8 + (-3 + 2 - (-2 - 2))?
-5
What is the value of (8 - (-2 + 7)) + -7?
-4
What is the value of -115 + 102 - (-10 - 1)?
-2
Evaluate -4 - ((-3 - -3) + -8).
4
12 + (-6 + 4 - 3) + -6
1
What is the value of -2 + 0 + 0 + (-3 - 0)?
-5
Calculate -3 + -1 + (17 - 17) - 4.
-8
Calculate -9 - ((-1 - -1) + -9).
0
Evaluate 4 + -4 - (-3 - -2).
1
What is (-7 - -6 - 4) + -10 + 9?
-6
What is -6 + 20 + (-18 - -12)?
8
What is 7 + -3 + (-8 - -4) + -3?
-3
Evaluate 2 - (0 - 1) - -2.
5
Evaluate -5 + (-1 - 5) - (-1 - 5).
-5
(-3 - (-3 + 4)) + 6
2
What is the value of -5 + (5 - 1) + (2 - 2)?
-1
Calculate (8 - 4 - 5) + 0.
-1
Calculate -3 + (-2 - -2) + -1 + 2.
-2
-5 - (3 + -3 + -8)
3
-4 + 1 + (5 - -2)
4
Evaluate -3 - (2 - 1 - 7) - -1.
4
6 + (-10 - -5) + (6 - 7)
0
What is -2 - (2 + (0 + 0 - 2))?
-2
(76 - 73) + (-1 - (0 - -3))
-1
Evaluate 7 - 1 - (4 + (-3 - -1)).
4
1 + -4 + -149 + 151
-1
11 - (-2 - -5) - 3
5
-6 + (6 - 0) + 2
2
What is the value of (-2 - -5) + -3 + 1?
1
Calculate 6 + (6 - 15) + 5.
2
What is 0 - (-3 - -6) - 4?
-7
What is -1 + 5 + -6 - (1 - 0)?
-3
Calculate 71 + -71 - ((0 - -1) + -4).
3
2 - (5 + 1 + -4 - 0)
0
Calculate -5 + (1 + -3 - 1) + 3.
-5
Calculate 5 + (-13 - (3 + -6)).
-5
3 - 1 - (15 + 14 + -25)
-2
What is 5 + -1 - (-1 - -1)?
4
What is 7 + (-3 - -6) + -5?
5
Calculate 5 + (-6 + 2 - 4).
-3
Calculate (2 - 0) + (0 + -2 - -1).
1
What is the value of (3 - 1) + 8 + -8?
2
Evaluate 20 + -20 - (3 + 2).
-5
What is (1 - 2 - (1 + 1)) + 5?
2
What is (6 - 0) + (-11 - -7)?
2
Evaluate 3 - (-9 - (9 + -1 + -15)).
5
Evaluate -1 + 2 + -8 - -8.
1
What is 2 + 0 + 7 + -16?
-7
What is the value of 4 - (4 + -4 + -2)?
6
6 + 1 + (0 + -1 - 1)
5
What is -8 + (5 + 5 - 1)?
1
What is the value of 0 - (2 - 3) - 1 - 2?
-2
What is -2 - (8 + -10 + -5)?
5
Calculate (1 - -2) + 1 + (3 - 2).
5
20 + -27 - (-7 + -2)
2
Calculate -18 + 18 + -2 + 4 + -1.
1
-2 + (-1 - (2 + (0 - 1)))
-4
5 + (4 - 13 - -2)
-2
Calculate -4 + -4 + 6 + (-7 - -12).
3
Evaluate -11 + 19 + -13 + -1 + 3.
-3
What is 2 + 43 + -37 + (0 - 0)?
8
-2 + -1 + 5 + 2
4
Evaluate 4 - (-6 - -5 - -5).
0
Evaluate 10 - (-1 - 8 - -18).
1
Evaluate 4 + -2 - 6 - (4 - 9).
1
What is the value of -4 - (-1 - 0) - -2?
-1
What is 2 + -1 + 9 + -9 + 0?
1
Calculate -8 - (-9 - (-4 + 3)).
0
What is the value of -3 + 7 - -6 - 9?
1
3 - (-4 + 8 + 4 + -2)
-3
What is 3 + (2 + 2 - 1 - 8)?
-2
What is 3 - ((2 - 8) + 0 - -5)?
4
-4 + 3 - (-2 - -1 - -5)
-5
What is the value of 2 + (53 - 52 - (-1 - -7))?
-3
What is 5 - 9 - (-9 - 4)?
9
11 - (3 + (1 - -2))
5
13 + -4 - 2 - (1 - -4)
2
What is the value of -3 + 3 + -2 + 2?
0
Calculate ((-1 - 18) + 4 - -7) + 6.
-2
(-4 + 6 - (6 - 2)) + -5
-7
What is the value of 3 + -1 + (1 - 2)?
1
Calculate -6 + -14 + 24 - (-1 + 2).
3
What is the value of 2 - (6 + -7 - -8 - -5)?
-10
What is (-6 - -2) + 6 + 0?
2
Calculate -1 - 4 - -2 - -5.
2
Evaluate (33 - 23) + (-2 - 3).
5
What is 6 - (1 - -5) - 6?
-6
What is -2 - (3 + (-2 - 1) + 3)?
-5
Calculate 2 + 1 - (0 - 3 - -3).
3
What is the value of 13 + -12 - (-1 + -2 + 8)?
-4
Evaluate -4 - (4 - (2 - 2)).
-8
What is the value of 4 + 0 + 0 + -1?
3
Evaluate 0 + -9 + 10 + 0.
1
What is the value of (-5 - -8) + 2 - (15 - 5)?
-5
What is -2 + (3 - (3 - -1))?
-3
What is the value of 9 - (-6 + 5 - -6)?
4
What is the value of -8 + (-2 - -5) - (0 + -1)?
-4
What is -5 + 4 - (-5 - -2)?
2
(-4 - (-5 - 4)) + (1 - 3)
3
What is -12 + 7 + 4 - 8?
-9
What is (0 - (3 - (10 + -3))) + 1?
5
What is -7 - (-5 - (1 - 0))?
-1
What is 0 + 5 + 2 + -3?
4
Calculate (1 - 6 - -4) + -1.
-2
-5 - (0 + 0 + -2 - 8)
5
What is the value of (-8 + -5 - -6) + (-4 - -4)?
-7
What is 2 + (4 - 8 - -1)?
-1
What is -1 + (10 - (5 + 12))?
-8
Evaluate 0 - (9 + -3 + -3).
-3
Evaluate -1 - (14 - (-6 + 14)).
-7
What is -9 + 3 + 5 + -2 + 7?
4
Calculate 0 - 0 - 0 - 5.
-5
What is -8 + 2 + 10 + 1?
5
Evaluate -3 - (0 - (2 + -1 - -1)).
-1
Calculate 4 + (-2 + 0 - 2).
0
-7 - (0 - (4 + 1))
-2
What is the value of -9 + (9 + -6 - -9)?
3
Calculate 48 + -52 - (0 + 1).
-5
What is the value of 3 - -4 - (-4 + -2 + 5)?
8
What is the value of 2 + (-1 - 2) + (1 - 2)?
-2
Calculate -28 + 24 + (3 + -4 - -8).
3
Calculate 48 + -39 - (-1 - -15).
-5
Evaluate 16 + (-6 - (13 - 7)).
4
-2 + -5 - (-1 + 5 - 7)
-4
What is the value of (0 